{"id":7,"date":"2018-04-20T07:01:17","date_gmt":"2018-04-20T07:01:17","guid":{"rendered":"http:\/\/meinehebamme.at\/?page_id=7"},"modified":"2018-11-28T09:25:30","modified_gmt":"2018-11-28T09:25:30","slug":"philosophie","status":"publish","type":"page","link":"http:\/\/meinehebamme.at\/?page_id=7","title":{"rendered":"Philosophie"},"content":{"rendered":"[vc_row type=&#8220;full_width_background&#8220; full_screen_row_position=&#8220;middle&#8220; equal_height=&#8220;yes&#8220; bg_color=&#8220;#f9f9f9&#8243; scene_position=&#8220;center&#8220; text_color=&#8220;dark&#8220; text_align=&#8220;left&#8220; top_padding=&#8220;20&#8243; bottom_padding=&#8220;4%&#8220; overlay_strength=&#8220;0.3&#8243; shape_divider_position=&#8220;bottom&#8220; shape_type=&#8220;&#8220;][vc_column column_padding=&#8220;padding-1-percent&#8220; column_padding_position=&#8220;all&#8220; background_color_opacity=&#8220;1&#8243; background_hover_color_opacity=&#8220;1&#8243; column_link_target=&#8220;_self&#8220; column_shadow=&#8220;none&#8220; column_border_radius=&#8220;none&#8220; width=&#8220;1\/3&#8243; tablet_width_inherit=&#8220;default&#8220; tablet_text_alignment=&#8220;default&#8220; phone_text_alignment=&#8220;default&#8220; column_border_width=&#8220;none&#8220; column_border_style=&#8220;solid&#8220;][vc_column_text]\n<h4><strong>Ein freundlicher Empfang \u2013 ein geborgenes Willkommen<\/strong><\/h4>\n<p>Die Geburt des eigenen Kindes ist die menschlichste Erfahrung im Leben einer Frau und meist auch ihres Partners. Es bedeutet aber auch an eigene Grenzen herantasten, diese zu erkennen und dem wachsenden Neuen Raum zu geben. Gef\u00fchle von Sorge und Unsicherheit bis hin zu Zuversicht und grenzenlosem Gl\u00fcck spiegeln diese lebensver\u00e4ndernden Umst\u00e4nde wider. L\u00e4ngst ist erwiesen, dass ein freundlicher Empfang das sp\u00e4tere Leben pr\u00e4gt und nachhaltig beeinflusst. Optimale Betreuung w\u00e4hrend dieses Abschnitts bildet das Fundament f\u00fcr einen gelungenen Start ins Leben.<\/p>\n<h4><strong>Pers\u00f6nliche Betreuung f\u00fcr besondere Bed\u00fcrfnisse<\/strong><\/h4>\n<p>Je nach Bed\u00fcrfnis und Empfinden w\u00e4hlen Sie Ihre Hebamme f\u00fcr eine ganz pers\u00f6nliche Betreuung. Sie ist Ihre Ansprechpartnerin w\u00e4hrend Schwangerschaft, Geburt und in der ersten Zeit danach.<\/p>\n<h4><strong>Kompetente und individuelle Vorbereitung<\/strong><\/h4>\n<p>Ein fr\u00fchzeitiger Kontakt zu Ihrer Hebamme erm\u00f6glicht pers\u00f6nliche Begleitung und kontinuierliche Unterst\u00fctzung in einer besonderen Lebenssituation.<br \/>\nDie Hebamme nimmt Ihre Unsicherheiten und \u00c4ngste ernst und steht Ihnen kundig und ermutigend mit Rat und Tat in dieser Zeit der Ver\u00e4nderung zur Seite.[\/vc_column_text][\/vc_column][vc_column column_padding=&#8220;padding-1-percent&#8220; column_padding_position=&#8220;all&#8220; background_color_opacity=&#8220;1&#8243; background_hover_color_opacity=&#8220;1&#8243; column_link_target=&#8220;_self&#8220; column_shadow=&#8220;none&#8220; column_border_radius=&#8220;none&#8220; width=&#8220;1\/3&#8243; tablet_width_inherit=&#8220;default&#8220; tablet_text_alignment=&#8220;default&#8220; phone_text_alignment=&#8220;default&#8220; column_border_width=&#8220;none&#8220; column_border_style=&#8220;solid&#8220;][vc_column_text]\n<h4><strong>Eine Ganzheitliche Betreuung in kompetenten H\u00e4nden<\/strong><\/h4>\n<p>Die Geburt ist ein nat\u00fcrlicher und sehr sensibler Prozess, in den nur im Bedarfsfall medizinisch eingegriffen werden sollte. Wenn Sie sich gut aufgehoben f\u00fchlen und Vertrauen in eine Intimit\u00e4t wahrende Umgebung und in Ihre Hebamme haben, k\u00f6nnen Sie sich auf die Geburt einlassen und loslassen.<br \/>\nDer Geburtsort ist entscheidend f\u00fcr den Geburtsprozess. Sie k\u00f6nnen Ihr Kind in einer Klinik oder zu Hause geb\u00e4ren und sich durch die individuelle Begleitung sicher sein, dass sie in jedem Fall kompetent geleitet und unterst\u00fctzt werden.<\/p>\n<h4><strong>Positives Geburtserlebnis f\u00fcr die ganze Familie<\/strong><\/h4>\n<p>Vertrautheit in der Geburtsbetreuung, ob bei Hausgeburt oder im Krankenhaus, reduziert nachweislich die Notwendigkeit von Medikamenten und tr\u00e4gt zu einem positiven Geburtserlebnis bei. Das Einsetzten alternativen Wissens, wie Hom\u00f6opathie, Akupunktur oder Entspannung im Wasser wirkt sich erfolgreich auf den Geburtsprozess aus. Auf Intimit\u00e4t und eine Atmosph\u00e4re der Ruhe wird w\u00e4hrend der Geburt Ihres Kindes gro\u00dfen Wert gelegt.<br \/>\nDie erste Ann\u00e4herung zwischen Neugeborenem und Eltern, auch Bonding genannt, ist eine sehr bedeutsame Zeit mit der sehr achtsam umgegangen werden muss.[\/vc_column_text][\/vc_column][vc_column column_padding=&#8220;padding-1-percent&#8220; column_padding_position=&#8220;all&#8220; background_color_opacity=&#8220;1&#8243; background_hover_color_opacity=&#8220;1&#8243; column_link_target=&#8220;_self&#8220; column_shadow=&#8220;none&#8220; column_border_radius=&#8220;none&#8220; width=&#8220;1\/3&#8243; tablet_width_inherit=&#8220;default&#8220; tablet_text_alignment=&#8220;default&#8220; phone_text_alignment=&#8220;default&#8220; column_border_width=&#8220;none&#8220; column_border_style=&#8220;solid&#8220;][vc_column_text]\n<h4><strong>Begleitung in der Zeit danach<\/strong><\/h4>\n<p>Wenn Sie sich f\u00fcr eine ambulante Geburt entscheiden oder auch fr\u00fchzeitig das Krankenhaus mit Ihrem Neugeborenen verlassen m\u00f6chten, begleitet Sie Ihre Hebamme in vertrauter Umgebung zu Hause. Regelm\u00e4\u00dfige Hausbesuche in der ersten Zeit mit Ihrem Kind st\u00e4rken Sie in Ihrer neuen Lebenssituation. Die Hebamme unterst\u00fctzt beim Stillen und hilft Ihnen \u00fcber Unsicherheiten in den ersten Lebenswochen Ihres Kindes hinweg.[\/vc_column_text]<div class=\"divider-wrap\" data-alignment=\"default\"><div style=\"height: 30px;\" class=\"divider\"><\/div><\/div>[nectar_cascading_images image_1_url=&#8220;375&#8243; image_1_offset_x_sign=&#8220;+&#8220; image_1_offset_x=&#8220;0%&#8220; image_1_offset_y_sign=&#8220;-&#8220; image_1_offset_y=&#8220;55%&#8220; image_1_rotate_sign=&#8220;+&#8220; image_1_rotate=&#8220;none&#8220; image_1_animation=&#8220;Grow In&#8220; image_1_box_shadow=&#8220;small_depth&#8220; image_2_url=&#8220;377&#8243; image_2_offset_x_sign=&#8220;+&#8220; image_2_offset_x=&#8220;50%&#8220; image_2_offset_y_sign=&#8220;+&#8220; image_2_offset_y=&#8220;35%&#8220; image_2_rotate_sign=&#8220;+&#8220; image_2_rotate=&#8220;none&#8220; image_2_animation=&#8220;Grow In&#8220; image_2_box_shadow=&#8220;small_depth&#8220; image_3_url=&#8220;376&#8243; image_3_offset_x_sign=&#8220;-&#8220; image_3_offset_x=&#8220;35%&#8220; image_3_offset_y_sign=&#8220;+&#8220; image_3_offset_y=&#8220;30%&#8220; image_3_rotate_sign=&#8220;+&#8220; image_3_rotate=&#8220;none&#8220; image_3_animation=&#8220;Grow In&#8220; image_3_box_shadow=&#8220;small_depth&#8220; image_4_offset_x_sign=&#8220;+&#8220; image_4_offset_x=&#8220;0%&#8220; image_4_offset_y_sign=&#8220;+&#8220; image_4_offset_y=&#8220;0%&#8220; image_4_rotate_sign=&#8220;+&#8220; image_4_rotate=&#8220;none&#8220; image_4_animation=&#8220;Fade In&#8220; image_4_box_shadow=&#8220;small_depth&#8220; border_radius=&#8220;5px&#8220;][\/vc_column][\/vc_row]\n","protected":false},"excerpt":{"rendered":"<p>[vc_row type=&#8220;full_width_background&#8220; full_screen_row_position=&#8220;middle&#8220; equal_height=&#8220;yes&#8220; bg_color=&#8220;#f9f9f9&#8243; scene_position=&#8220;center&#8220; text_color=&#8220;dark&#8220; text_align=&#8220;left&#8220; top_padding=&#8220;20&#8243; bottom_padding=&#8220;4%&#8220; overlay_strength=&#8220;0.3&#8243; shape_divider_position=&#8220;bottom&#8220; shape_type=&#8220;&#8220;][vc_column column_padding=&#8220;padding-1-percent&#8220; column_padding_position=&#8220;all&#8220; background_color_opacity=&#8220;1&#8243; background_hover_color_opacity=&#8220;1&#8243; column_link_target=&#8220;_self&#8220; column_shadow=&#8220;none&#8220; column_border_radius=&#8220;none&#8220; width=&#8220;1\/3&#8243; tablet_width_inherit=&#8220;default&#8220; tablet_text_alignment=&#8220;default&#8220; phone_text_alignment=&#8220;default&#8220; column_border_width=&#8220;none&#8220; column_border_style=&#8220;solid&#8220;][vc_column_text] Ein freundlicher Empfang \u2013&#8230;<\/p>\n","protected":false},"author":1,"featured_media":0,"parent":0,"menu_order":0,"comment_status":"closed","ping_status":"closed","template":"","meta":{"footnotes":""},"_links":{"self":[{"href":"http:\/\/meinehebamme.at\/index.php?rest_route=\/wp\/v2\/pages\/7"}],"collection":[{"href":"http:\/\/meinehebamme.at\/index.php?rest_route=\/wp\/v2\/pages"}],"about":[{"href":"http:\/\/meinehebamme.at\/index.php?rest_route=\/wp\/v2\/types\/page"}],"author":[{"embeddable":true,"href":"http:\/\/meinehebamme.at\/index.php?rest_route=\/wp\/v2\/users\/1"}],"replies":[{"embeddable":true,"href":"http:\/\/meinehebamme.at\/index.php?rest_route=%2Fwp%2Fv2%2Fcomments&post=7"}],"version-history":[{"count":9,"href":"http:\/\/meinehebamme.at\/index.php?rest_route=\/wp\/v2\/pages\/7\/revisions"}],"predecessor-version":[{"id":402,"href":"http:\/\/meinehebamme.at\/index.php?rest_route=\/wp\/v2\/pages\/7\/revisions\/402"}],"wp:attachment":[{"href":"http:\/\/meinehebamme.at\/index.php?rest_route=%2Fwp%2Fv2%2Fmedia&parent=7"}],"curies":[{"name":"wp","href":"https:\/\/api.w.org\/{rel}","templated":true}]}}